{"id":1245,"date":"2022-08-17T09:12:01","date_gmt":"2022-08-17T07:12:01","guid":{"rendered":"https:\/\/feelunic.ch\/?page_id=1245"},"modified":"2024-11-10T20:11:39","modified_gmt":"2024-11-10T19:11:39","slug":"microneedling-2","status":"publish","type":"page","link":"https:\/\/feelunic.ch\/fr\/massage-du-dos-aux-pierres-chaudes-avec-des-huiles-chaudes-aux-herbes\/microneedling-2\/","title":{"rendered":"Microneedling"},"content":{"rendered":"\n<div class=\"wp-block-group\"><div class=\"wp-block-group__inner-container is-layout-flow wp-block-group-is-layout-flow\">\n<h2 class=\"wp-block-heading has-text-align-center\">Microneedling Wallis<\/h2>\n\n\n\n<p class=\"has-text-align-center is-style-lead\"><strong>Le secret de beaut\u00e9 des stars hollywoodiennes<br>Microneedling Valais<\/strong><\/p>\n\n\n<div class=\"wp-block-image\">\n<figure class=\"aligncenter size-medium is-resized\"><img loading=\"lazy\" decoding=\"async\" width=\"300\" height=\"210\" src=\"https:\/\/feelunic.ch\/app\/uploads\/2022\/11\/Depositphotos_58108921_XL-300x210.jpg\" alt=\"\" class=\"wp-image-1571\" style=\"width:489px;height:344px\" srcset=\"https:\/\/feelunic.ch\/app\/uploads\/2022\/11\/Depositphotos_58108921_XL-300x210.jpg 300w, https:\/\/feelunic.ch\/app\/uploads\/2022\/11\/Depositphotos_58108921_XL-1024x715.jpg 1024w, https:\/\/feelunic.ch\/app\/uploads\/2022\/11\/Depositphotos_58108921_XL-768x537.jpg 768w, https:\/\/feelunic.ch\/app\/uploads\/2022\/11\/Depositphotos_58108921_XL-1536x1073.jpg 1536w, https:\/\/feelunic.ch\/app\/uploads\/2022\/11\/Depositphotos_58108921_XL-2048x1431.jpg 2048w, https:\/\/feelunic.ch\/app\/uploads\/2022\/11\/Depositphotos_58108921_XL-600x419.jpg 600w, https:\/\/feelunic.ch\/app\/uploads\/2022\/11\/Depositphotos_58108921_XL-1200x838.jpg 1200w, https:\/\/feelunic.ch\/app\/uploads\/2022\/11\/Depositphotos_58108921_XL-1800x1257.jpg 1800w, https:\/\/feelunic.ch\/app\/uploads\/2022\/11\/Depositphotos_58108921_XL-2000x1397.jpg 2000w, https:\/\/feelunic.ch\/app\/uploads\/2022\/11\/Depositphotos_58108921_XL-416x291.jpg 416w\" sizes=\"auto, (max-width: 300px) 100vw, 300px\" \/><\/figure>\n<\/div>\n\n\n<p class=\"has-text-align-center\">Pour les rides, ridules, taches pigmentaires du visage, du d\u00e9collet\u00e9 et des mains, cicatrices<\/p>\n\n\n\n<p class=\"has-text-align-center\"><strong>DUR\u00c9E DU TRAITEMENT <\/strong>60 minutes <br><strong>INTERVALLE DE TRAITEMENT<\/strong> pour les meilleurs r\u00e9sultats possibles en cure de 4 \u00e0 5 traitements \u00e0 intervalles de 1 \u00e0 2 semaines <br><strong>APR\u00c8S LE TRAITEMENT<\/strong> \u00e9viter la lumi\u00e8re directe du soleil et appliquer quotidiennement une protection solaire SPF 50<\/p>\n\n\n\n<p class=\"has-text-align-center has-small-font-size\"><strong>RISQUES<\/strong> peau rougie et gonfl\u00e9e pendant 1 \u00e0 2 jours <strong>CONTRE-INDICATIONS<\/strong> Grossesse, allaitement, psoriasis, n\u00e9vrodermite, mineurs, inflammation et infections aigu\u00ebs, maladies contagieuses (SIDA, h\u00e9patite), h\u00e9mophilie, cancer de la peau, tendance ch\u00e9lo\u00efde, herp\u00e8s simplex aigu, acn\u00e9, coup de soleil, tumeurs<\/p>\n\n\n\n<p class=\"has-text-align-center\"><\/p>\n\n\n\n<div class=\"wp-block-columns is-style-faq is-style-accordion is-layout-flex wp-container-core-columns-is-layout-9d6595d7 wp-block-columns-is-layout-flex\">\n<div class=\"wp-block-column is-layout-flow wp-block-column-is-layout-flow\">\n<p class=\"has-text-align-center\"><strong>Plus d&#8217;infos<\/strong><\/p>\n<\/div>\n\n\n\n<div class=\"wp-block-column is-layout-flow wp-block-column-is-layout-flow\">\n<p class=\"has-text-align-center\"><\/p>\n\n\n\n<p class=\"has-text-align-center\"><\/p>\n\n\n\n<p>.<\/p>\n<\/div>\n<\/div>\n\n\n\n<div class=\"wp-block-buttons is-horizontal is-content-justification-center is-layout-flex wp-container-core-buttons-is-layout-499968f5 wp-block-buttons-is-layout-flex\">\n<div class=\"wp-block-button\"><a class=\"wp-block-button__link wp-element-button\" href=\"https:\/\/feelunic.ch\/termin-buchen\/\">Prix et rendez-vous<\/a><\/div>\n<\/div>\n<\/div><\/div>\n","protected":false},"excerpt":{"rendered":"<p>Microneedling Wallis Le secret de beaut\u00e9 des stars hollywoodiennesMicroneedling Valais Pour les rides, ridules, taches pigmentaires du visage, du d\u00e9collet\u00e9 et des mains, cicatrices DUR\u00c9E DU TRAITEMENT 60 minutes INTERVALLE DE TRAITEMENT pour les meilleurs r\u00e9sultats possibles en cure de 4 \u00e0 5 traitements \u00e0 intervalles de 1 \u00e0 2 semaines APR\u00c8S LE TRAITEMENT \u00e9viter [&hellip;]<\/p>\n","protected":false},"author":2,"featured_media":0,"parent":1195,"menu_order":0,"comment_status":"closed","ping_status":"closed","template":"","meta":{"_acf_changed":false,"inline_featured_image":false,"footnotes":""},"class_list":["post-1245","page","type-page","status-publish","hentry"],"acf":[],"_links":{"self":[{"href":"https:\/\/feelunic.ch\/fr\/wp-json\/wp\/v2\/pages\/1245","targetHints":{"allow":["GET"]}}],"collection":[{"href":"https:\/\/feelunic.ch\/fr\/wp-json\/wp\/v2\/pages"}],"about":[{"href":"https:\/\/feelunic.ch\/fr\/wp-json\/wp\/v2\/types\/page"}],"author":[{"embeddable":true,"href":"https:\/\/feelunic.ch\/fr\/wp-json\/wp\/v2\/users\/2"}],"replies":[{"embeddable":true,"href":"https:\/\/feelunic.ch\/fr\/wp-json\/wp\/v2\/comments?post=1245"}],"version-history":[{"count":10,"href":"https:\/\/feelunic.ch\/fr\/wp-json\/wp\/v2\/pages\/1245\/revisions"}],"predecessor-version":[{"id":2292,"href":"https:\/\/feelunic.ch\/fr\/wp-json\/wp\/v2\/pages\/1245\/revisions\/2292"}],"up":[{"embeddable":true,"href":"https:\/\/feelunic.ch\/fr\/wp-json\/wp\/v2\/pages\/1195"}],"wp:attachment":[{"href":"https:\/\/feelunic.ch\/fr\/wp-json\/wp\/v2\/media?parent=1245"}],"curies":[{"name":"wp","href":"https:\/\/api.w.org\/{rel}","templated":true}]}}

<div class="wp-block-group"><div class="wp-block-group__inner-container is-layout-flow wp-block-group-is-layout-flow">
<h2 class="wp-block-heading has-text-align-center">Microneedling Wallis</h2>



<p class="has-text-align-center is-style-lead"><strong>Le secret de beauté des stars hollywoodiennes<br>Microneedling Valais</strong></p>


<div class="wp-block-image">
<figure class="aligncenter size-medium is-resized"><img loading="lazy" decoding="async" width="300" height="210" src="https://feelunic.ch/app/uploads/2022/11/Depositphotos_58108921_XL-300x210.jpg" alt="" class="wp-image-1571" style="width:489px;height:344px" srcset="https://feelunic.ch/app/uploads/2022/11/Depositphotos_58108921_XL-300x210.jpg 300w, https://feelunic.ch/app/uploads/2022/11/Depositphotos_58108921_XL-1024x715.jpg 1024w, https://feelunic.ch/app/uploads/2022/11/Depositphotos_58108921_XL-768x537.jpg 768w, https://feelunic.ch/app/uploads/2022/11/Depositphotos_58108921_XL-1536x1073.jpg 1536w, https://feelunic.ch/app/uploads/2022/11/Depositphotos_58108921_XL-2048x1431.jpg 2048w, https://feelunic.ch/app/uploads/2022/11/Depositphotos_58108921_XL-600x419.jpg 600w, https://feelunic.ch/app/uploads/2022/11/Depositphotos_58108921_XL-1200x838.jpg 1200w, https://feelunic.ch/app/uploads/2022/11/Depositphotos_58108921_XL-1800x1257.jpg 1800w, https://feelunic.ch/app/uploads/2022/11/Depositphotos_58108921_XL-2000x1397.jpg 2000w, https://feelunic.ch/app/uploads/2022/11/Depositphotos_58108921_XL-416x291.jpg 416w" sizes="auto, (max-width: 300px) 100vw, 300px" /></figure>
</div>


<p class="has-text-align-center">Pour les rides, ridules, taches pigmentaires du visage, du décolleté et des mains, cicatrices</p>



<p class="has-text-align-center"><strong>DURÉE DU TRAITEMENT </strong>60 minutes <br><strong>INTERVALLE DE TRAITEMENT</strong> pour les meilleurs résultats possibles en cure de 4 à 5 traitements à intervalles de 1 à 2 semaines <br><strong>APRÈS LE TRAITEMENT</strong> éviter la lumière directe du soleil et appliquer quotidiennement une protection solaire SPF 50</p>



<p class="has-text-align-center has-small-font-size"><strong>RISQUES</strong> peau rougie et gonflée pendant 1 à 2 jours <strong>CONTRE-INDICATIONS</strong> Grossesse, allaitement, psoriasis, névrodermite, mineurs, inflammation et infections aiguës, maladies contagieuses (SIDA, hépatite), hémophilie, cancer de la peau, tendance chéloïde, herpès simplex aigu, acné, coup de soleil, tumeurs</p>



<p class="has-text-align-center"></p>



<div class="wp-block-columns is-style-faq is-style-accordion is-layout-flex wp-container-core-columns-is-layout-9d6595d7 wp-block-columns-is-layout-flex">
<div class="wp-block-column is-layout-flow wp-block-column-is-layout-flow">
<p class="has-text-align-center"><strong>Plus d&#8217;infos</strong></p>
</div>



<div class="wp-block-column is-layout-flow wp-block-column-is-layout-flow">
<p class="has-text-align-center"></p>



<p class="has-text-align-center"></p>



<p>.</p>
</div>
</div>



<div class="wp-block-buttons is-horizontal is-content-justification-center is-layout-flex wp-container-core-buttons-is-layout-499968f5 wp-block-buttons-is-layout-flex">
<div class="wp-block-button"><a class="wp-block-button__link wp-element-button" href="https://feelunic.ch/termin-buchen/">Prix et rendez-vous</a></div>
</div>
</div></div>

<p>Microneedling Wallis Le secret de beauté des stars hollywoodiennesMicroneedling Valais Pour les rides, ridules, taches pigmentaires du visage, du décolleté et des mains, cicatrices DURÉE DU TRAITEMENT 60 minutes INTERVALLE DE TRAITEMENT pour les meilleurs résultats possibles en cure de 4 à 5 traitements à intervalles de 1 à 2 semaines APRÈS LE TRAITEMENT éviter [&hellip;]</p>
